base 9) to base 4
22223
Convert 16 (base 9) to base 16.
f
-6b6 (base 15) to base 11
-1163
What is -100110111011111 (base 2) in base 14?
-739d
Convert 559 (base 14) to base 10.
1059
11012 (base 11) to base 15
4b0a
What is -1019 (base 16) in base 10?
-4121
Convert c763 (base 16) to base 12.
25657
-5b6 (base 14) to base 5
-14030
What is 1837 (base 10) in base 8?
3455
What is 1333203 (base 4) in base 10?
8163
-231 (base 11) to base 10
-276
Convert 3311 (base 4) to base 8.
365
8a9 (base 14) to base 9
2317
Convert 113002 (base 4) to base 14.
774
Convert 7b1b (base 13) to base 8.
41556
3fce (base 16) to base 9
24358
-12114 (base 9) to base 15
-260d
Convert 441002 (base 6) to base 8.
107232
What is 42 (base 7) in base 14?
22
What is -c1a (base 13) in base 6?
-13255
Convert -14d6 (base 14) to base 6.
-25112
Convert -3c23 (base 14) to base 4.
-2211313
-a6b (base 13) to base 9
-2386
-1554 (base 6) to base 4
-12232
-212 (base 7) to base 2
-1101011
What is -1d2d (base 15) in base 11?
-4847
539 (base 14) to base 5
13111
Convert 1030232 (base 4) to base 9.
6655
Convert -145aa (base 13) to base 6.
-453250
What is 15582 (base 9) in base 11?
8034
What is -266605 (base 7) in base 10?
-50377
What is 4444 (base 7) in base 2?
11001000000
-2261 (base 7) to base 4
-30323
110010101 (base 2) to base 15
1c0
21371 (base 8) to base 2
10001011111001
10121100 (base 3) to base 9
3540
What is -12820 (base 9) in base 4?
-2013231
-12154 (base 6) to base 2
-11100000110
What is 75b (base 12) in base 5?
13304
Convert 111133 (base 4) to base 6.
10211
Convert -7ad1 (base 14) to base 2.
-101001101100111
What is 101001111 (base 2) in base 6?
1315
What is -21835 (base 12) in base 11?
-30398
-9446 (base 10) to base 3
-110221212
-96 (base 10) to base 2
-1100000
What is 1101 (base 4) in base 11?
74
What is -151243 (base 7) in base 15?
-8a24
Convert 36202 (base 9) to base 10.
24221
-345 (base 14) to base 2
-1010001001
Convert -30 (base 7) to base 4.
-111
What is -11a39 (base 13) in base 9?
-48516
a30a (base 14) to base 16
6d86
Convert -73e (base 15) to base 5.
-23014
Convert -4d8 (base 15) to base 3.
-1111212
-682 (base 11) to base 16
-330
1150 (base 8) to base 12
434
Convert -2a378 (base 11) to base 7.
-236324
What is 16635 (base 9) in base 16?
2cbd
e49 (base 15) to base 3
11102020
-69 (base 14) to base 6
-233
What is -1014142 (base 5) in base 10?
-16797
-31210 (base 7) to base 8
-16743
What is 53152 (base 8) in base 13?
a0b9
What is -4a6 (base 12) in base 15?
-31c
Convert -1211210 (base 3) to base 15.
-5e9
What is 2553 (base 6) in base 3?
212220
Convert 369 (base 14) to base 10.
681
Convert -2101202 (base 3) to base 5.
-23443
-6736 (base 8) to base 14
-1418
What is -4212 (base 8) in base 3?
-2222222
Convert 950 (base 10) to base 9.
1265
Convert -115 (base 12) to base 7.
-320
2484 (base 9) to base 12
10aa
-10153 (base 6) to base 7
-3660
-346 (base 7) to base 9
-221
What is 1035 (base 9) in base 10?
761
Convert -451 (base 11) to base 6.
-2300
-352 (base 10) to base 7
-1012
Convert -4421 (base 15) to base 2.
-11100001011111
-45b (base 15) to base 7
-2606
Convert -1001 (base 7) to base 10.
-344
What is -103130 (base 6) in base 13?
-3b22
Convert 1010111000 (base 2) to base 8.
1270
Convert -11011011 (base 2) to base 9.
-263
687 (base 16) to base 4
122013
176d (base 15) to base 10
5053
Convert 11121012 (base 3) to base 7.
12530
Convert 4101441 (base 5) to base 13.
23ca0
36016 (base 8) to base 2
11110000001110
-22032 (base 4) to base 15
-2d9
6492 (base 14) to base 16
43e0
1000101 (base 3) to base 13
44b
Convert 100121 (base 5) to base 3.
11100002
What is ad7 (base 14) in base 7?
6160
What is -b6 (base 12) in base 14?
-9c
What is 434004 (base 5) in base 8?
35037
103 (base 8) to base 9
74
100101101100 (base 2) to base 8
4554
500 (base 16) to base 5
20110
What is 8867 (base 11) in base 7?
46036
What is -1320023 (base 4) in base 14?
-2b35
-26a3 (base 11) to base 9
-4720
453 (base 8) to base 5
2144
-3786 (base 10) to base 5
-110121
What is -1211210121 (base 3) in base 11?
-25304
What is -76a (base 16) in base 4?
-131222
What is -3b4 (base 15) in base 11?
-6a8
What is -1301015 (base 6) in base 12?
-3476b
Convert 1002001020 (base 3) to base 8.
51266
What is -43300 (base 8) in base 13?
-8323
Convert 10213 (base 6) to base 9.
1800
-68083 (base 9) to base 5
-2422043
What is -20111022 (base 3) in base 11?
-3613
What is -1743 (base 12) in base 8?
-5343
What is -1112012 (base 4) in base 11?
-415a
Convert 4294 (base 11) to base 15.
1a2e
887 (base 15) to base 2
11110000111
-2214 (base 7) to base 10
-795
256003 (base 7) to base 11
32906
209 (base 12) to base 10
297
Convert -102112221 (base 3) to base 16.
-20e6
-533 (base 7) to base 15
-12e
-aea8 (base 15) to base 13
-13b38
5020 (base 7) to base 8
3301
Convert 506 (base 7) to base 12.
18b
Convert -a679 (base 11) to base 9.
-21331
-101111100100010 (base 2) to base 4
-11330202
What is 640 (base 9) in base 3?
201100
Convert -504 (base 6) to base 5.
-1214
Convert 100011000001 (base 2) to base 8.
4301
Convert -116 (base 16) to base 12.
-1b2
Convert 6008 (base 13) to base 4.
3032012
What is 1301 (base 7) in base 6?
2135
-27d3 (base 15) to base 13
-3b58
Convert -487 (base 9) to base 15.
-1bd
-34305 (base 8) to base 10
-14533
What is 466 (base 14) in base 15?
3d4
What is -540 (base 16) in base 9?
-1753
-2035 (base 12) to base 8
-6651
What is 2012200212 (base 3) in base 2?
1010101000000000
-101001000010 (base 2) to base 5
-41001
1678 (base 11) to base 7
6150
Convert -460 (base 8) to base 13.
-1a5
What is 12811 (base 11) in base 5?
1041113
100224 (base 5) to base 12
1a19
1625 (base 9) to base 15
578
Convert 1145 (base 8) to base 4.
21211
What is 4a (base 15) in base 8?
106
283 (base 13) to base 9
544
Convert -11222 (base 3) to base 7.
-251
What is -20020210 (base 4) in base 16?
-8224
44003 (base 8) to base 9
27253
Convert -b148 (base 14) to base 13.
-10b1b
What is 869 (base 13) in base 8?
2637
1110 (base 5) to base 15
a5
-77ad (base 15) to base 4
-12030103
What is -11220201 (base 4) in base 11?
-16376
1750 (base 10) to base 15
7ba
What is -635 (base 12) in base 5?
-12110
1001011001 (base 2) to base 9
737
What is -31733 (base 13) in base 10?
-89105
10 (base 6) to base 2
110
Convert -130205 (base 7) to base 14.
-8b05
-bf9 (base 16) to base 4
-233321
What is 4465 (base 12) in base 3?
101101012
Convert -4705 (base 8) to base 7.
-10202
-22402 (base 5) to base 9
-2170
What is 25113 (base 7) in base 14?
257a
-817 (base 13) to base 10
-1372
Convert -223332 (base 4) to base 10.
-2814
-3343 (base 5) to base 16
-1d9
-13b27 (base 12) to base 8
-65617
Convert -77 (base 14) to base 16.
-69
What is 646 (base 8) in base 3?
120122
Convert 10320 (base 4) to base 13.
1b0
-21535 (base 6) to base 2
-101111000011
8228 (base 12) to base 11
a699
What is 352 (base 6) in base 5?
1030
What is -122133 (base 5) in base 10?
-4668
Convert -93 (base 12) to base 11.
-a1
What is -2100332 (base 4) in base 8?
-22076
-33000 (base 5) to base 9
-3070
Convert -5316 (base 12) to base 7.
-35334
2123 (base 8) to base 16
453
What is 1847 (base 12) in base 6?
21331
What is 205 (base 13) in base 11?
292
What is -10513 (base 13) in base 14?
-aa18
-111422 (base 5) to base 16
-f93
-193 (base 13) to base 16
-121
98b2 (base 15) to base 14
bb02
Convert 63a (base 12) to base 4.
32032
Convert -120b (base 12) to base 8.
-3753
What is 136 (base 8) in base 13?
73
Convert 11003 (base 4) to base 10.
323
Convert -1268 (base 9) to base 3.
-1022022
Convert -5421 (base 7) to base 13.
-b52
1210220 (base 3) to base 7
3564
Convert 4a4 (base 12) to base 6.
3124
Convert 2169 (base 10) to base 9.
2870
-21021221 (base 3) to base 11
-3aa4
What is 12111 (base 4) in base 5?
3110
What is 6681 (base 9) in base 13?
2326
13144 (base 6) to base 2
11111011000
2250 (base 6) to base 4
20112
-303 (base 16) to base 9
-1046
2003 (base 13) to base 12
2665
What is -312 (base 10) in base 11?
-264
What is 1612 (base 8) in base 10?
906
Convert 1655 (base 9) to base 2.
10011110001
What is -758 (base 16) in base 4?
-131120
What is -1633 (base 12) in base 14?
-d5d
-100001001011 (base 2) to base 3
-2220122
What is 11253 (base 6) in base 5?
22432
-12035 (base 7) to base 16
-c29
What is -71034 (base 8) in base 4?
-13020130
1000101101111101 (base 2) to base 11
